09
What are the prime factors of 1326532?
2, 541, 613
List the prime factors of 1427671.
7, 203953
List the prime factors of 499106.
2, 163, 1531
What are the prime factors of 288674?
2, 37, 47, 83
What are the prime factors of 1112318?
2, 556159
List the prime factors of 5313179.
19, 279641
List the prime factors of 325933.
23, 37, 383
What are the prime factors of 332485?
5, 29, 2293
What are the prime factors of 10508180?
2, 5, 525409
What are the prime factors of 91842?
2, 3, 15307
List the prime factors of 4570068.
2, 3, 380839
List the prime factors of 505321.
505321
What are the prime factors of 320953?
320953
What are the prime factors of 193040?
2, 5, 19, 127
What are the prime factors of 317348?
2, 79337
What are the prime factors of 2185807?
13, 277, 607
List the prime factors of 4832468.
2, 1208117
List the prime factors of 884589.
3, 71, 4153
List the prime factors of 464327.
464327
What are the prime factors of 11922735?
3, 5, 11, 6569
List the prime factors of 497863.
41, 12143
What are the prime factors of 42140?
2, 5, 7, 43
List the prime factors of 5220182.
2, 11, 37, 53
List the prime factors of 3185400.
2, 3, 5, 5309
What are the prime factors of 2045853?
3, 53, 4289
List the prime factors of 27513915.
3, 5, 11, 13, 101, 127
List the prime factors of 3169154.
2, 1584577
What are the prime factors of 438215?
5, 87643
List the prime factors of 5498492.
2, 337, 4079
What are the prime factors of 110202?
2, 3, 18367
List the prime factors of 952825.
5, 38113
List the prime factors of 677151.
3, 75239
List the prime factors of 906708.
2, 3, 11, 6869
List the prime factors of 114476.
2, 28619
What are the prime factors of 19618864?
2, 1226179
List the prime factors of 6064489.
6064489
List the prime factors of 22950032.
2, 7, 73, 401
What are the prime factors of 68598?
2, 3, 37, 103
What are the prime factors of 2688487?
2688487
What are the prime factors of 1993513?
1993513
What are the prime factors of 1591781?
29, 131, 419
List the prime factors of 891412.
2, 17, 13109
List the prime factors of 16293415.
5, 941, 3463
List the prime factors of 7158596.
2, 1789649
List the prime factors of 544011.
3, 13, 29, 37
What are the prime factors of 1065113?
7, 21737
List the prime factors of 17763606.
2, 3, 7, 17, 8293
What are the prime factors of 9124915?
5, 587, 3109
List the prime factors of 19087307.
29, 179, 3677
What are the prime factors of 2697714?
2, 3, 149873
List the prime factors of 1579935.
3, 5, 7, 41, 367
What are the prime factors of 259006?
2, 11, 61, 193
What are the prime factors of 268727?
103, 2609
List the prime factors of 1016371.
1016371
List the prime factors of 3865178.
2, 29, 103, 647
What are the prime factors of 1019258?
2, 79, 6451
List the prime factors of 498371.
73, 6827
What are the prime factors of 2880761?
13, 19, 107, 109
What are the prime factors of 304704?
2, 3, 23
What are the prime factors of 167566?
2, 7, 11969
List the prime factors of 531238.
2, 265619
What are the prime factors of 991135?
5, 19, 10433
List the prime factors of 592002.
2, 3, 19, 577
What are the prime factors of 5917137?
3, 1972379
List the prime factors of 4109838.
2, 3, 684973
List the prime factors of 78056.
2, 11, 887
List the prime factors of 1019004.
2, 3, 7, 1733
List the prime factors of 13810731.
3, 11, 37, 11311
List the prime factors of 453194.
2, 7, 32371
List the prime factors of 261895.
5, 52379
List the prime factors of 517656.
2, 3, 21569
What are the prime factors of 604991?
71, 8521
What are the prime factors of 13769622?
2, 3, 254993
What are the prime factors of 380784?
2, 3, 7933
List the prime factors of 748967.
503, 1489
List the prime factors of 103331.
191, 541
What are the prime factors of 10011163?
10011163
List the prime factors of 946706.
2, 473353
List the prime factors of 9302691.
3, 809, 3833
What are the prime factors of 78278?
2, 39139
List the prime factors of 7738436.
2, 1934609
What are the prime factors of 222543?
3, 79, 313
List the prime factors of 246818.
2, 11, 13, 863
What are the prime factors of 1257404?
2, 314351
List the prime factors of 13942947.
3, 79, 58831
What are the prime factors of 1503504?
2, 3, 53, 197
List the prime factors of 499628.
2, 124907
What are the prime factors of 650657?
7, 92951
List the prime factors of 1844457.
3, 61, 10079
List the prime factors of 151642.
2, 75821
List the prime factors of 466136.
2, 11, 5297
List the prime factors of 138797.
138797
What are the prime factors of 1020824?
2, 7, 18229
List the prime factors of 793860.
2, 3, 5, 101, 131
List the prime factors of 17806303.
71, 250793
What are the prime factors of 206136?
2, 3, 7, 409
List the prime factors of 326838.
2, 3, 19, 47, 61
List the prime factors of 2437993.
2437993
What are the prime factors of 1996398?
2, 3, 197, 563
List the prime factors of 372567.
3, 13, 41, 233
List the prime factors of 1503874.
2, 389, 1933
List the prime factors of 931374.
2, 3, 59, 877
List the prime factors of 1023893.
13, 17, 41, 113
List the prime factors of 1394440.
2, 5, 71, 491
What are the prime factors of 908057?
908057
What are the prime factors of 16805518?
2, 43, 195413
What are the prime factors of 27622?
2, 7, 1973
List the prime factors of 112247.
112247
What are the prime factors of 247295?
5, 49459
List the prime factors of 8962418.
2, 911, 4919
List the prime factors of 2790639.
3, 103357
What are the prime factors of 1484524?
2, 371131
List the prime factors of 17126095.
5, 7, 29, 47, 359
What are the prime factors of 3829004?
2, 431, 2221
What are the prime factors of 368112?
2, 3, 7669
What are the prime factors of 2663075?
5, 37, 2879
What are the prime factors of 133063?
7, 19009
What are the prime factors of 24648653?
24648653
What are the prime factors of 128306?
2, 64153
What are the prime factors of 668777?
223, 2999
List the prime factors of 4967941.
11, 71, 6361
List the prime factors of 177736.
2, 13, 1709
List the prime factors of 6831768.
2, 3, 284657
List the prime factors of 1966210.
2, 5, 353, 557
List the prime factors of 135429.
3, 7, 6449
List the prime factors of 33475311.
3, 41, 83, 1093
List the prime factors of 189193.
17, 31, 359
What are the prime factors of 420806?
2, 210403
What are the prime factors of 730513?
7, 79, 1321
List the prime factors of 9435948.
2, 3, 786329
List the prime factors of 2847810.
2, 3, 5, 7, 71, 191
List the prime factors of 5293190.
2, 5, 7, 75617
List the prime factors of 2244844.
2, 7, 80173
List the prime factors of 2629409.
2629409
What are the prime factors of 3665078?
2, 29, 2179
List the prime factors of 3521711.
643, 5477
What are the prime factors of 5207960?
2, 5, 130199
List the prime factors of 3032667.
3, 11, 10211
List the prime factors of 1077458.
2, 23, 59, 397
List the prime factors of 879331.
879331
List the prime factors of 493386.
2, 3, 82231
List the prime factors of 5092199.
7, 37, 19661
What are the prime factors of 128607?
3, 163, 263
What are the prime factors of 5558758?
2, 739, 3761
What are the prime factors of 1519746?
2, 3, 241, 1051
List the prime factors of 820927.
820927
What are the prime factors of 14357745?
3, 5, 319061
What are the prime factors of 2366785?
5, 59, 71, 113
List the prime factors of 9300968.
2, 1162621
What are the prime factors of 13906347?
3, 7, 13, 19, 383
What are the prime factors of 3862184?
2, 482773
What are the prime factors of 946232?
2, 7, 61, 277
List the prime factors of 3161699.
797, 3967
List the prime factors of 2222157.
3, 7, 105817
What are the prime factors of 18352110?
2, 3, 5, 7, 281, 311
What are the prime factors of 21453148?
2, 1423, 3769
What are the prime factors of 1904652?
2, 3, 191, 277
List the prime factors of 835404.
2, 3, 43, 1619
List the prime factors of 3690423.
3, 11, 37277
List the prime factors of 215100.
2, 3, 5, 239
What are the prime factors of 3109208?
2, 388651
What are the prime factors of 109105?
5, 21821
What are the prime factors of 10715690?
2, 5, 1071569
What are the prime factors of 36778610?
2, 5, 11, 23, 14537
List the prime factors of 336615.
3, 5, 22441
What are the prime factors of 582665?
5, 116533
List the prime factors of 1177156.
2, 294289
List the prime factors of 297752.
2, 7, 13, 409
What are the prime factors of 26